{"id":39,"date":"2023-05-30T09:49:19","date_gmt":"2023-05-30T09:49:19","guid":{"rendered":"https:\/\/lappkees.dk\/wordpress\/?page_id=39"},"modified":"2025-03-30T18:30:01","modified_gmt":"2025-03-30T18:30:01","slug":"hvalpe","status":"publish","type":"page","link":"https:\/\/lappkees.dk\/?page_id=39","title":{"rendered":"Hvalpe"},"content":{"rendered":"\n<p><\/p>\n\n\n\n<p>Det vil v\u00e6re en god ting at se\/lytte til denne video, som starter efter reklamerne. Chirag Patel har en fantastisk tilgang til dyr. Og da denne ligger s\u00e5 t\u00e6t p\u00e5 min egen tilgang, s\u00e5 er det vigtigt for mig i kan relatere til det der fort\u00e6lles og vises i denne video. Er der noget i ikke forst\u00e5r s\u00e5 bare sp\u00f8rg.  <\/p>\n\n\n\n<p><a href=\"https:\/\/youtu.be\/9zM8GzJy_kY\" target=\"_blank\" rel=\"noreferrer noopener\">https:\/\/youtu.be\/9zM8GzJy_kY<\/a><\/p>\n\n\n\n<p>Jeg tager ikke depositum for en hvalp, hvilket betyder at lige som i kan fortryde at k\u00f8be hvalp fra mig, s\u00e5 har jeg ogs\u00e5 lov til at \u00e6ndre holdning, hvis jeg finder ud af at i ikke har tiden, eller p\u00e5 anden m\u00e5de ikke b\u00f8r have en hvalp p\u00e5 det tidspunkt. Det betyder ikke i ikke er egnet til en hvalp senere, men nogle er ikke klar over hvor meget en hvalp kr\u00e6ver. En hvalp er f\u00f8rst solgt n\u00e5r kontrakt er underskrevet.<\/p>\n\n\n\n<p>Men n\u00e5r man gennem alle disse punkter og stadigv\u00e6k skal hente en hvalp herfra, s\u00e5&nbsp;medf\u00f8lger der:<\/p>\n\n\n\n<ul class=\"wp-block-list\">\n<li>DKK stamtavle<\/li>\n\n\n\n<li>EU-pas, s\u00e5 i kan rejse med jeres hund. Her kan i registrere alle jeres vaccinationer. Kun til udenlandske k\u00f8bere.<\/li>\n\n\n\n<li>Dansk Kennel Klubs k\u00f8bskontrakt.<\/li>\n\n\n\n<li>En pose hvalpefoder og andet jeg finder p\u00e5&nbsp;<\/li>\n<\/ul>\n\n\n\n<p>Derudover har vores hvalpe f\u00e5et:<\/p>\n\n\n\n<ul class=\"wp-block-list\">\n<li>Ormekure hvis fund af orm og blevet sundhedstjekket (vi f\u00f8lger dav\u00e6rende anbefalinger vedr\u00f8rende vaccinationer)<\/li>\n\n\n\n<li>Lovpligtig chipm\u00e6rkning<\/li>\n<\/ul>\n\n\n\n<p>Anicura \u00c5rhus benytter Kennel LappKees sig af, n\u00e5r vi f\u00e5r \u00f8jenlyst vores hunde. Det h\u00e6nder jeg \u00f8jenlyser et kuld inden de flytter hjemmefra. Det mest hvis jeg skal udv\u00e6lge en avlshund. Det er dog ikke alle \u00f8jensygdomme der kan tjekkes s\u00e5 tidligt, s\u00e5 det er ingen garanti. Nogle sygdomme viser sig f\u00f8rst senere. Alle voksne der indg\u00e5r i avl skal v\u00e6re \u00f8jenlyst \ud83d\ude42<\/p>\n\n\n\n<p><\/p>\n","protected":false},"excerpt":{"rendered":"<p>Det vil v\u00e6re en god ting at se\/lytte til denne video, som starter efter reklamerne. Chirag Patel har en fantastisk tilgang til dyr. Og da denne ligger s\u00e5 t\u00e6t p\u00e5 min egen tilgang, s\u00e5 er det vigtigt for mig i kan relatere til det der fort\u00e6lles og vises i denne video. Er der noget i &hellip; <a href=\"https:\/\/lappkees.dk\/?page_id=39\" class=\"more-link\">L\u00e6s videre <span class=\"screen-reader-text\">Hvalpe<\/span> <span class=\"meta-nav\">&rarr;<\/span><\/a><\/p>\n","protected":false},"author":1,"featured_media":0,"parent":0,"menu_order":0,"comment_status":"closed","ping_status":"closed","template":"","meta":{"footnotes":""},"class_list":["post-39","page","type-page","status-publish","hentry"],"_links":{"self":[{"href":"https:\/\/lappkees.dk\/index.php?rest_route=\/wp\/v2\/pages\/39","targetHints":{"allow":["GET"]}}],"collection":[{"href":"https:\/\/lappkees.dk\/index.php?rest_route=\/wp\/v2\/pages"}],"about":[{"href":"https:\/\/lappkees.dk\/index.php?rest_route=\/wp\/v2\/types\/page"}],"author":[{"embeddable":true,"href":"https:\/\/lappkees.dk\/index.php?rest_route=\/wp\/v2\/users\/1"}],"replies":[{"embeddable":true,"href":"https:\/\/lappkees.dk\/index.php?rest_route=%2Fwp%2Fv2%2Fcomments&post=39"}],"version-history":[{"count":12,"href":"https:\/\/lappkees.dk\/index.php?rest_route=\/wp\/v2\/pages\/39\/revisions"}],"predecessor-version":[{"id":394,"href":"https:\/\/lappkees.dk\/index.php?rest_route=\/wp\/v2\/pages\/39\/revisions\/394"}],"wp:attachment":[{"href":"https:\/\/lappkees.dk\/index.php?rest_route=%2Fwp%2Fv2%2Fmedia&parent=39"}],"curies":[{"name":"wp","href":"https:\/\/api.w.org\/{rel}","templated":true}]}}